dred millions digit of 1510253246?
5
What is the hundreds digit of 84624212?
2
What is the tens digit of 256785318?
1
What is the hundred thousands digit of 38223915?
2
What is the ten millions digit of 14194155?
1
What is the hundred millions digit of 710592352?
7
What is the tens digit of 282354423?
2
What is the tens digit of 2807557711?
1
What is the ten thousands digit of 1672227761?
2
What is the ten thousands digit of 777247628?
4
What is the hundred thousands digit of 7568654111?
6
What is the hundreds digit of 76899969?
9
What is the tens digit of 172889101?
0
What is the hundred millions digit of 1007273271?
0
What is the thousands digit of 5535439717?
9
What is the millions digit of 3501239129?
1
What is the millions digit of 2497743871?
7
What is the hundred thousands digit of 73582148?
5
What is the hundred millions digit of 651971865?
6
What is the units digit of 56075121?
1
What is the hundreds digit of 6776653?
6
What is the hundreds digit of 689257184?
1
What is the hundred thousands digit of 297831938?
8
What is the ten thousands digit of 37527356?
2
What is the tens digit of 814034831?
3
What is the ten thousands digit of 37207307?
0
What is the units digit of 731630101?
1
What is the millions digit of 1040066964?
0
What is the units digit of 3976663177?
7
What is the hundred thousands digit of 14671610?
6
What is the units digit of 3134659054?
4
What is the hundreds digit of 1209905743?
7
What is the tens digit of 99546702?
0
What is the tens digit of 3567025266?
6
What is the hundred thousands digit of 232600696?
6
What is the tens digit of 1581005528?
2
What is the thousands digit of 574370839?
0
What is the hundreds digit of 307291768?
7
What is the ten millions digit of 3841632944?
4
What is the hundred thousands digit of 137148051?
1
What is the millions digit of 6696258?
6
What is the ten thousands digit of 16748202?
4
What is the units digit of 127078194?
4
What is the hundred thousands digit of 4097664?
0
What is the thousands digit of 788370708?
0
What is the tens digit of 29840078?
7
What is the ten thousands digit of 2850253419?
5
What is the units digit of 454440443?
3
What is the hundred thousands digit of 390319005?
3
What is the ten thousands digit of 160583741?
8
What is the hundreds digit of 49418292?
2
What is the ten thousands digit of 2336062211?
6
What is the ten thousands digit of 13397707?
9
What is the hundreds digit of 423490058?
0
What is the millions digit of 78190455?
8
What is the hundred millions digit of 575201566?
5
What is the hundreds digit of 50762782?
7
What is the tens digit of 17183484?
8
What is the millions digit of 24821750?
4
What is the thousands digit of 2867054329?
4
What is the thousands digit of 121183337?
3
What is the units digit of 11954244?
4
What is the units digit of 358281?
1
What is the thousands digit of 199063753?
3
What is the units digit of 3376364663?
3
What is the hundred thousands digit of 3560456?
5
What is the hundred thousands digit of 1897020269?
0
What is the thousands digit of 1445318709?
8
What is the units digit of 43547248?
8
What is the hundred thousands digit of 1865915111?
9
What is the hundred millions digit of 184922491?
1
What is the hundreds digit of 3810865231?
2
What is the ten thousands digit of 345824263?
2
What is the thousands digit of 183186609?
6
What is the hundred thousands digit of 307212176?
2
What is the ten thousands digit of 61554715?
5
What is the thousands digit of 242012164?
2
What is the units digit of 27423834?
4
What is the millions digit of 9444039?
9
What is the hundred millions digit of 1159887664?
1
What is the hundreds digit of 3207910435?
4
What is the hundred thousands digit of 70895234?
8
What is the units digit of 96314548?
8
What is the ten thousands digit of 71334670?
3
What is the billions digit of 1745965367?
1
What is the hundred thousands digit of 234156638?
1
What is the thousands digit of 861011622?
1
What is the ten millions digit of 60101543?
6
What is the ten thousands digit of 9935136?
3
What is the hundred millions digit of 265974342?
2
What is the hundreds digit of 387060653?
6
What is the hundreds digit of 37643265?
2
What is the billions digit of 5347186100?
5
What is the thousands digit of 266574992?
4
What is the tens digit of 326736629?
2
What is the tens digit of 3019096699?
9
What is the millions digit of 561544353?
1
What is the hundred thousands digit of 514476146?
4
What is the ten thousands digit of 556274208?
7
What is the millions digit of 370506556?
0
What is the units digit of 243582702?
2
What is the hundreds digit of 324146563?
5
What is the ten millions digit of 593641719?
9
What is the millions digit of 501384938?
1
What is the ten thousands digit of 3465879?
6
What is the hundreds digit of 67557111?
1
What is the thousands digit of 30050762?
0
What is the millions digit of 275723557?
5
What is the hundred thousands digit of 51739255?
7
What is the units digit of 668140999?
9
What is the millions digit of 186884227?
6
What is the tens digit of 2443904?
0
What is the units digit of 142610327?
7
What is the ten thousands digit of 225183519?
8
What is the hundred thousands digit of 46124902?
1
What is the tens digit of 429934878?
7
What is the ten millions digit of 96765494?
9
What is the millions digit of 88109434?
8
What is the ten thousands digit of 438444531?
4
What is the hundreds digit of 70691198?
1
What is the hundreds digit of 394899651?
6
What is the ten millions digit of 78416499?
7
What is the ten thousands digit of 214377379?
7
What is the ten thousands digit of 5586330526?
3
What is the ten millions digit of 100451167?
0
What is the hundreds digit of 179352608?
6
What is the thousands digit of 213610093?
0
What is the tens digit of 197425156?
5
What is the ten millions digit of 70772074?
7
What is the billions digit of 5537758453?
5
What is the hundreds digit of 7691617?
6
What is the hundred millions digit of 1962889956?
9
What is the hundreds digit of 56149821?
8
What is the millions digit of 97220901?
7
What is the tens digit of 1845815249?
4
What is the ten thousands digit of 13540254?
4
What is the ten millions digit of 17403908?
1
What is the millions digit of 43690209?
3
What is the ten millions digit of 223607508?
2
What is the ten millions digit of 24487998?
2
What is the ten thousands digit of 3790473231?
7
What is the tens digit of 3229129?
2
What is the hundreds digit of 1275358163?
1
What is the billions digit of 2696846164?
2
What is the tens digit of 8142040950?
5
What is the ten millions digit of 635113316?
3
What is the thousands digit of 58923882?
3
What is the hundred millions digit of 939400085?
9
What is the hundred thousands digit of 42956749?
9
What is the ten millions digit of 36145841?
3
What is the thousands digit of 3912914443?
4
What is the hundred thousands digit of 5751563379?
5
What is the billions digit of 1806192112?
1
What is the hundred thousands digit of 80573654?
5
What is the hundred thousands digit of 325933879?
9
What is the ten millions digit of 46993246?
4
What is the hundred millions digit of 132597433?
1
What is the hundreds digit of 163564367?
3
What is the thousands digit of 1991581915?
1
What is the millions digit of 2341130778?
1
What is the millions digit of 994454810?
4
What is the tens digit of 43224540?
4
What is the units digit of 45859576?
6
What is the hundreds digit of 701005383?
3
What is the ten thousands digit of 169259205?
5
What is the hundreds digit of 264766163?
1
What is the hundreds digit of 5570906?
9
What is the hundred thousands digit of 18648015?
6
What is the ten thousands digit of 186854703?
5
What is the units digit of 196813390?
0
What is the hundreds digit of 84907468?
4
What is the hundred millions digit of 226069323?
2
What is the ten thousands digit of 68348057?
4
What is the ten thousands digit of 16390825?
9
What is the units digit of 639486582?
2
What is the ten thousands digit of 43789664?
8
What is the millions digit of 2666804276?
6
What is the tens digit of 7036987325?
2
What is the hundred millions digit of 706813550?
7
What is the ten millions digit of 24283492?
2
What is the billions digit of 2688165474?
2
What is the ten millions digit of 732704806?
3
What is the tens digit of 108777